et c be (-2)/3*(5 + 7). What is the units digit of z(c)?
1
Let w(i) = 3*i**3 - 2*i**2 - 13*i + 30. What is the tens digit of w(4)?
3
Let q be (20/(-8))/(-5)*-22. Let i(m) = -m**2 - 11*m - 2. Let s be i(q). Let j(k) = -8*k. What is the tens digit of j(s)?
1
Suppose 5*o + 3*z - 25 = 0, -3*z - 3 = o + 4. Let f = -4 + o. Suppose -f*u = -105 - 15. What is the units digit of u?
0
Suppose 5*u + 0*u - 430 = 0. Let j = u - 24. What is the units digit of j?
2
Suppose 0 = 4*o - 8*o + 12. Let t be o/21 + 13606/14. What is the units digit of (t/(-60))/(1/(-5))?
1
Let w be 7*((-6)/9)/((-14)/(-18)). What is the units digit of w/2 + 0 - -8?
5
Suppose 4*p = 5*p + 61. Let x(m) = -35*m**2 - 2*m + 1. Let g be x(1). Let y = g - p. What is the units digit of y?
5
Suppose -3*b + 7 = 2*h, 4*b - 6 = -h - 0*b. Suppose -599 = -h*d + g, d - 5*g = 2*d - 294. What is the tens digit of d?
9
Let l = -207 - -391. Suppose 168 = 4*z - l. What is the units digit of z?
8
Let u(j) = j + 11. Let g be u(-6). Suppose 2*i + 2*h = -4, g*i = 3*i - 4*h - 14. What is the tens digit of 8/(i - (-5)/(-2))?
1
Suppose -j + 2*t = -6, -4 = -3*j + 2*t + 18. Suppose 95 = m + j. What is the units digit of m?
7
Suppose 0 = 17*f - 14*f - 1368. What is the tens digit of f?
5
Suppose 5*j + 2 = -3*c, 4 - 1 = -3*j. Let o be -1 - c - 6/(-3). Suppose -2*x + 0*x + 3*q + 5 = o, 0 = 5*x - 4*q - 16. What is the units digit of x?
4
Suppose 2*r + r = 15. Let p = -17 - -30. Suppose -3 = -a - 2*j + 3*j, -r*a = -4*j - p. What is the units digit of a?
1
Let q(s) = -4*s - 1. Let j be q(5). What is the units digit of (-462)/(-4)*(-14)/j?
7
Let y(g) be the third derivative of g**5/60 + g**4/12 - g**3 - 11*g**2. What is the units digit of y(-7)?
9
Let i be 2/8 + (-87)/12. Let t = i - -54. Let g = t + -13. What is the tens digit of g?
3
Let q be -2*3/(-3)*2. Suppose 3*w - 6 = -0, h + q*w = 166. What is the tens digit of h?
5
Let o = 4568 + -1994. What is the units digit of o?
4
Let a be -7 + 10 + 1 + (1 - 0). Suppose -4*r = 4*y - 2*r - 816, -a*y - 2*r = -1019. What is the tens digit of y?
0
Let n = 106 - 54. Suppose 3*z - n = -4. What is the units digit of (-24)/z*(-17 - 1)?
7
Let w(r) = -r**3 - 35*r**2 + 59*r + 211. What is the units digit of w(-39)?
4
Let g = -32 + 25. Let x(k) be the first derivative of -3*k**2 - 10*k + 4. What is the tens digit of x(g)?
3
Let c(q) = -q**3 - 2*q**2 + q - 3. Let n be c(-3). Let i be 1 - -3*7 - 1. Suppose i = 2*h - n. What is the units digit of h?
2
Suppose 4*q + 20 = 0, 5*d + 9 = -2*q - 1. Let z be (-12)/(-9)*(36 - d). Suppose z = 4*p - 2*p. What is the tens digit of p?
2
Let f(a) = a**2 + a - 1. Let d be f(-3). Suppose 3*n - d*n = 2*g - 52, -5*g = -2*n - 165. Suppose -g = 3*w - 103. What is the units digit of w?
4
Let f be 214/(-8) + 13/(-52). Let c = 40 + f. Suppose y - c = 12. What is the tens digit of y?
2
Let p = 68 + -67. Let g(s) = 231*s + 4. What is the hundreds digit of g(p)?
2
Let i be (-998)/6 - 24/36. Let f = i - -245. What is the tens digit of f?
7
Suppose -r - 3*v = -1 + 2, 2*v + 12 = 5*r. Let c(t) = 4*t**3 + 8*t**2 - 7*t**r + 4*t**3. What is the units digit of c(1)?
9
Let q be -2*-10*(-3)/(-12). Suppose -i - 24 = -q*i. Suppose j + i = 29. What is the units digit of j?
3
Let u(d) = -d**3 + 2*d**2 + 18*d + 4. What is the hundreds digit of u(-9)?
7
Let i be 32/8 + (0 - -6)/2. What is the units digit of 6/(-4 + i) - (1 + -4)?
5
Let t = -1121 - -1666. What is the hundreds digit of t?
5
Suppose 1 - 227 = 3*r - 5*c, -2*r - 4*c = 180. Let u be 1*-29 + ((-39)/(-3) - 14). What is the units digit of r/(-12) + (-5)/u?
7
Let p = 1499 - 248. What is the tens digit of p?
5
Suppose 3*s - 3*o + 0 = -18, 3*o - 12 = 0. What is the tens digit of ((-33)/55)/(s/190)?
5
Let z(v) = -v**3 - v**2 - 3*v + 1. Let x be z(0). Let c(m) = 35*m**3 - m. What is the tens digit of c(x)?
3
Suppose 0*w - 2547 = -2*w + 5*v, 5*w - 6353 = -2*v. What is the hundreds digit of w?
2
Let f(b) be the third derivative of 1/12*b**5 + 7*b**2 + 0 + 0*b - 5/12*b**4 + 2/3*b**3. What is the units digit of f(3)?
9
Suppose 0 = 14*h - 14085 + 4733. Let k = h + -473. What is the units digit of k?
5
Suppose 1200 = 3*r + 3*o, 0*o - 5*o = -15. What is the hundreds digit of r?
3
Let t = -169 + 309. What is the hundreds digit of t?
1
Let i be (-1)/(0 - 1)*(6 - 107). Let b = -37 - i. What is the tens digit of b?
6
What is the hundreds digit of (-1)/3 + (-15 - (-11840)/6)?
9
Suppose 14 + 22 = 12*v. Suppose 0*q = -2*q - 4*c + 14, 0 = -v*q - 5*c + 22. What is the units digit of q?
9
Let g(h) be the second derivative of 7*h**3/6 + 3*h**2 + 3*h. Let v be g(-4). Let z = -12 - v. What is the units digit of z?
0
Let y = 128 - 82. Let i = -11 + y. What is the units digit of i?
5
Suppose 9*w - 5*w - 16 = 0. What is the units digit of w/8 - (-2)/(8/398)?
0
Let g(c) = -c**2 + 7*c - 11. Let i be g(7). What is the tens digit of (-145)/i + 12/(-66)?
1
Let t(c) = 2*c**3 - 2*c**2 - c - 2. Suppose -5*q = -3*x, 3*x - 3*q - 2 = 4. Suppose -z - x = -7. What is the units digit of t(z)?
4
Let c(o) = -o + 11. Let k be c(-5). Suppose -4*j + k = 2*d, -3*j + 5 = 5*d - 21. Suppose -4*y = 4*r - 100, -d*y + 2*r + 110 = r. What is the tens digit of y?
2
Let c = -824 + 1817. What is the tens digit of c?
9
Suppose -56*z + 845 = -55*z - p, 3 = -p. What is the hundreds digit of z?
8
Suppose -3*n = -555 - 60. Let x = n + -117. What is the tens digit of x?
8
Suppose -5*n + 455 = 3*o + 2*o, 3*o - 5*n = 281. Suppose 0 = 2*y - 3*y + o. What is the tens digit of y?
9
Let q = 881 - 345. Suppose 0 = -5*j + 4*z + q, 516 = 5*j - 0*j + z. What is the units digit of j?
4
Let t(s) = -804*s**3 + 2*s + 2. What is the units digit of t(-1)?
4
Let g(w) be the second derivative of w**3/3 - 3*w**2 - 5*w. Let d be g(4). What is the units digit of 3 - (d + (3 - 7))?
5
Suppose -3*x + 2*x + 3*y + 35 = 0, x - 5*y = 35. Suppose -i + 54 = -x. What is the tens digit of i?
8
Let a(w) be the first derivative of 2*w**3/3 - 17*w**2/2 - 8*w - 24. What is the tens digit of a(15)?
8
Let t(i) = -i. Let l(r) = -8*r - 23. Let n(c) = -l(c) - t(c). What is the units digit of n(8)?
5
Let i = 643 - -76. What is the units digit of i?
9
Suppose 0 = 98*t - 89*t - 5967. What is the tens digit of t?
6
Let d be (-18)/12*328/(-3). Suppose -b - d = -5*b. What is the tens digit of b?
4
Let w(y) = y**3 - 12*y**2 + 40*y + 6. What is the tens digit of w(8)?
7
Let i(r) = -68*r**2 - 2*r + 6. Let z(w) = -69*w**2 - 2*w + 7. Let g(t) = -4*i(t) + 3*z(t). What is the units digit of g(1)?
4
Let n(z) = 13*z + 29. Let r(a) = 7*a + 15. Let v(o) = 6*n(o) - 11*r(o). Let l(k) = 3*k**2 + k. Let x be l(-2). What is the units digit of v(x)?
9
Let f = -15 - -11. What is the units digit of ((-2)/f)/((-18)/(-2412))?
7
Let i be (-6)/27 - 20/(-9). Suppose -4*q + 29 = -5*f, -i*q = 2*q - 4*f - 24. Suppose 4*k = -0*k + v + 165, 0 = -v - q. What is the units digit of k?
1
Let w = -266 - -474. Let v = w - 142. What is the units digit of v?
6
Suppose -b - 2 - 1 = 0. Let w = 14 - 13. What is the units digit of 20 + w/(b/(-9))?
3
Suppose b + 3*v - 485 = 0, b + 4*v - 513 + 31 = 0. Suppose 6*c - b = 112. What is the units digit of c?
1
Suppose 0 = 2*t + 2*m - 18, m + 14 = t - 1. Let v be t/18*24/(-1). Let k = 6 - v. What is the tens digit of k?
2
Suppose -3111 = -2*j + k, 4*k + 6141 = 4*j - 83. What is the units digit of j?
5
Suppose 189 = -3*n - 60. Let i = -23 - n. What is the tens digit of 3/(i/(-16))*-15?
1
Suppose -4253 = -2*b - t, -2*t - 8510 = -b - 3*b. What is the hundreds digit of b?
1
Let x(z) = z**2 + 6*z + 11. Let o be x(-3). Suppose -2*n + 0*n + 462 = o*d, -2*n + 3*d = -462. What is the tens digit of n?
3
Let x(i) be the first derivative of 2*i**2 - 5*i + 1. Let n be x(2). Suppose -5*j + n*o - 5*o = -93, -j = -5*o - 24. What is the tens digit of j?
1
Let v(d) = d**3 - 3*d**2 + 2*d - 6. Suppose 3*f + 1 = 13. Let y be v(f). Let j = 37 - y. What is the tens digit of j?
1
Let x(n) = -2*n**2 + 2*n. Let j be x(0). Suppose -g + 116 - 16 = j. What is the hundreds digit of g?
1
Let l(y) = y + 18. Let x = -23 + 29. Suppose -x*u + 65 = -u. What is the units digit of l(u)?
1
Let j(n) = n**2 - 21*n + 59. Let p be j(18). Suppose 2*v + 13 - p = 0, -4*x + 1152 = v. What is the tens digit of x?
8
Suppose 0 = 4*b - b - 9. Suppose 0 = -b*r + 5*t + 356, 